 of i?
5, 19
Suppose 2*w = 5*x - 127062, 31*x - 28*x - 76224 = -w. What are the prime factors of x?
2, 3, 5, 7, 11
Let z = -6103 - -10123. List the prime factors of z.
2, 3, 5, 67
Let x = -68 + 72. Suppose x*n = -3*k + 2*n, 0 = k + 5*n. Suppose -11*v + 8*v + 141 = k. List the prime factors of v.
47
Let q = 539 - 542. What are the prime factors of ((0 - 6/q) + -3)*-17?
17
Let j(l) = l**3 + 5*l**2 - 5*l + 5. Let w be j(-6). Let p be w*(7 + -4 + 2). Let f(r) = -8*r - 12. List the prime factors of f(p).
2, 7
Let k(i) = -3*i + 36. Let g be k(10). Suppose -2*r - f + 18 = -g*f, f = -3*r + 44. List the prime factors of r*(11 - (3 - -1)).
2, 7
Let b be ((-2)/(-9)*33)/((-56)/84). Let a be 5 + 399/(-77) + (-79)/b. Suppose 9*k - a*k = 326. List the prime factors of k.
163
Let d(x) = 383*x + 7578. What are the prime factors of d(98)?
2, 5639
What are the prime factors of 9762*3*58/348?
3, 1627
Let l = -451 + 453. Suppose -2*g = l*w - 3568, -6*w - 4*g = -9*w + 5324. What are the prime factors of w?
2, 5, 89
What are the prime factors of -8 - (-1490 + 135/(-9))?
3, 499
Suppose -b = 7 - 9. Let f be b/15 - (-146)/30. Let a(p) = 2*p + 13. What are the prime factors of a(f)?
23
Let m be 4/6 + (6 - 68/12). Let v(f) = -2*f**3 + 2*f**2 - 3*f + 2. Let d be v(m). List the prime factors of 6*3 - d*0/4.
2, 3
Let v = 46 + -42. Let r = -331 - -1126. What are the prime factors of (-3)/(v + 2) - r/(-6)?
2, 3, 11
Let c = -12 + 11. Let p = c - -5. Suppose 5 + 7 = -3*r, p*r = i - 126. List the prime factors of i.
2, 5, 11
Let q be (-4 - (0 + -3))/((-11)/3817). Suppose 0*v - 685 = -2*v - 3*b, 0 = -v - 3*b + q. List the prime factors of v.
2, 13
Let u = 44 - 34. What are the prime factors of 4/u - 1068/(-30)?
2, 3
Let f = 94 + -87. Let c(n) = -6 + 3*n + f*n + n + 65. What are the prime factors of c(8)?
3, 7
Let b = 39125 + -26318. What are the prime factors of b?
3, 1423
Let a be 6/(-2)*(11 - 10). Let o(s) = 38*s**2 + 2*s - 2. List the prime factors of o(a).
2, 167
Let u(a) = -a**3 - 6*a**2 - 5*a + 11. Let r be u(-5). Let p(v) = -6*v**2 + v**3 - 5 - 2*v**2 + 8*v - 3*v**2. List the prime factors of p(r).
83
Suppose 4*m = 3*k - 2298, 5*k = 7*m - 11*m + 3830. Let t = k - 749. What are the prime factors of t?
17
Let u(a) = -3*a - 21. Let q be u(-10). Suppose 97 = q*n - 38. What are the prime factors of (0 - (-18)/n)*160/12?
2
Suppose 4486*c - 4472*c = 5796. What are the prime factors of c?
2, 3, 23
Let q(v) = -4*v - 15. Let c be q(-5). Suppose -3*p = -3*z - c*p + 171, -5*p = -4*z + 205. What are the prime factors of z?
5, 11
Suppose -u = 4*n - 10, -3*u = 5*n + u - 18. Let t(w) = -w**3 - 7*w - 20*w**n - 3 + 45*w**2 - 16*w**2 + 0*w. List the prime factors of t(6).
3, 7
Let l = -452 + 472. Suppose l*y = 17*y - 3*n + 3606, 2*n = 2*y - 2416. List the prime factors of y.
5, 241
Suppose 6*g - g - 340 = 5*p, 0 = 2*p + 4*g + 124. Let k(n) = -7*n + 3. Let d be k(-11). Let x = p + d. List the prime factors of x.
2, 7
Suppose -z + 0*z = 3*u - 3089, 3087 = 3*u + 3*z. Suppose u = 2*p + 2*o, 2062 = 4*p + o + 4*o. Let d = -264 + p. List the prime factors of d.
3, 83
Let r(c) = 145*c + 2131. What are the prime factors of r(41)?
2, 3, 673
Suppose d - 1288 = -6*d. Suppose w = z + 124, 6*z = -2*w + z + 234. Suppose w*b = 123*b - d. What are the prime factors of b?
2, 23
Let y(m) = 32*m**2 + 434*m - 334. List the prime factors of y(32).
2, 19, 23, 53
Let u = -977 + 2491. What are the prime factors of u?
2, 757
Suppose 3*j - 5*o + 0*o = 21, -4*o = 3*j + 6. Suppose 336 = -9*q + j*q. List the prime factors of 33*(-4)/q*4.
11
List the prime factors of (-3867380)/(-65) - (1056/104 - 10).
2, 71, 419
Let u = 1911 + 1146. List the prime factors of u.
3, 1019
Let x = -59964 + 116070. What are the prime factors of x?
2, 3, 1039
Let o be 1/(-8)*-12 - (-3871)/2. Let x = o - 873. What are the prime factors of x?
2, 7, 19
Let u = 50950 + -19148. What are the prime factors of u?
2, 15901
Let t(f) be the first derivative of f**6/360 + f**5/12 - 5*f**4/4 + 2*f**3 + 22. Let y(g) be the third derivative of t(g). List the prime factors of y(8).
2, 3, 19
Suppose -11*v - 132 = -23431 - 33769. List the prime factors of v.
2, 1297
Let b = -7 + 2. Let x(t) = -52*t - 37. Let y(m) = 2*m + 5. Let q(o) = x(o) + y(o). What are the prime factors of q(b)?
2, 109
Let i(p) = p**3 - 17*p**2 + 7*p - 12. Let y be i(17). Suppose -69 - y = 2*t. Let n = -42 - t. What are the prime factors of n?
2, 23
Suppose -q + 18 - 6 = 0. Suppose -10*u + 4568 = 4*l - q*u, -5*u = 0. List the prime factors of l.
2, 571
Suppose -2*y = -2*n - 14, -5*y + 2*n = -21 + 1. Suppose -4*x = y*q + q - 2152, -3*x + 1627 = -q. List the prime factors of x.
541
Let q = -412 + 479. Suppose q + 230 = v. What are the prime factors of v?
3, 11
Let n = -15 + 27. Let m be (-3)/n + 1801/4. Suppose -436 = -j - 4*j + 2*k, 5*j + 5*k = m. What are the prime factors of j?
2, 11
Let f = -20 + 20. Suppose -8*l + 3358 - 606 = f. What are the prime factors of l?
2, 43
Let z be 104*((-4)/6 + 60/36). What are the prime factors of (z/3)/(4/18)?
2, 3, 13
Let m(k) be the third derivative of 483*k**6/40 - k**5/30 - k**4/6 + 5*k**3/6 - 220*k**2. What are the prime factors of m(1)?
2, 181
Suppose 5370 = -50*n + 53*n. Let r = -1159 + n. What are the prime factors of r?
631
Suppose 6032 = 5*a - 2*u - 62544, 0 = a + 5*u - 13726. List the prime factors of a.
2, 3, 127
Suppose 5*z - 18479 = 481. Suppose 69*f - 57*f - z = 0. What are the prime factors of f?
2, 79
Suppose p = 4*p - 12. Suppose 3*n - p*n = -171. Suppose 0 = -106*u + 103*u + n. What are the prime factors of u?
3, 19
Suppose 0 = 3*i + 5*w + 56, 15*w = -2*i + 11*w - 38. Let b = 91 - i. What are the prime factors of b?
2, 3
Suppose 3*n - 3*l + 2220 = 0, n + 740 = -0*n + 3*l. Let j = -293 - n. List the prime factors of j.
3, 149
Let x = 46 + 281. Let b = -110 + x. List the prime factors of b.
7, 31
Let q(k) = -k**3 + 6*k**2 + k - 4. Let t be q(6). Suppose 4*v + t = 5*b, v = 2*b - b. Suppose 8 = -v*w, 3*z + w = 35 + 234. List the prime factors of z.
7, 13
Let l be 45 + -41 - (1 - -1*3). Suppose l = -q - 2, 4836 = 4*i + 5*q - 2194. Suppose 5*y - i = -710. What are the prime factors of y?
2, 3, 5, 7
Let s = -568 - -1205. Let l = s + 233. List the prime factors of l.
2, 3, 5, 29
Suppose 0 = 5*j - 4*q - 84 - 201, 0 = -2*j + 2*q + 114. Let s(z) = 14*z + 0*z**2 + 27 + 9*z - j - z**2. List the prime factors of s(9).
2, 3
Suppose 28 - 4 = 6*n. Suppose n*i + 4 = -4, -2*i + 3467 = 3*d. List the prime factors of d.
13, 89
Suppose -k + 4*h + 65 = 0, 4*k - 73 = 3*k - 4*h. Let s = k - 67. List the prime factors of s/3 + (-18004)/(-84).
5, 43
Let o be (-190)/(-16) + -3 + 1/8. Suppose 17 = m + o. Suppose 148 = m*x - 76. What are the prime factors of x?
2, 7
Let w = -144 - -1270. Let s = w - 562. List the prime factors of s.
2, 3, 47
Suppose w = -5*v + 12213, -11*v - 5*w - 4869 = -13*v. What are the prime factors of v?
2, 3, 11, 37
Let g(l) = 2*l**2 - 2*l - 2. Let x be g(-2). Let i(w) = 41*w - 53. List the prime factors of i(x).
3, 7, 17
Let x be 2/9 + (-706)/18. Let y(o) = 2*o**2 + 4*o + 1. Let n be y(4). Let c = n - x. What are the prime factors of c?
2, 11
Suppose -3*d + 641 = 65. Let f = d + 96. What are the prime factors of f?
2, 3
Suppose -10 = -5*g, -3*h - 3*g + 2365 = -812. Let c = h - 302. List the prime factors of c.
5, 151
Suppose -34548 = -3*y + 3*u, 2*y - 8269 = -u + 14766. List the prime factors of y.
3, 11, 349
Let m be 2/18 + 245/63. Suppose m*n - 38 = 1318. List the prime factors of n.
3, 113
Let l be 2/(4/(-12)*-2). Let n(r) = 2*r**2 - r - 7. Let y be n(l). Suppose y*o - 87 = 5*o. List the prime factors of o.
29
What are the prime factors of (-7 - -25 - (8 - -3)) + (-66446)/(-2)?
2, 5, 3323
Suppose -5*o - 3*q = -26892, -3*q = -4*o + 8*o - 21510. List the prime factors of o.
2, 3, 13, 23
Let s be (5 + -11 - -6)/3. Suppose -2*z = -s*z - 440. List the prime factors of z.
2, 5, 11
Let m(p) be the third derivative of 3*p**5/4 + 7*p**4/12 + 7*p**3/6 - 10*p**2. Let k be m(-5). Suppose -7*r + r + k = 0. List the prime factors of r.
3, 59
Let f be 4/(4/(-5) + 18/24). Let y = f + -93. Let z = 263 + y. What are the prime factors of z?
2, 3, 5
Let u(f) = f**2 + 8*f - 46. Let d be u(-12). Suppose 4*r = 3*v - r + 19, 14 = 2*v + d*r. What are the prim